 highest common divisor of 48 and 2544?
48
Calculate the greatest common factor of 848 and 16.
16
What is the greatest common divisor of 10 and 215?
5
Calculate the greatest common divisor of 207 and 230.
23
What is the highest common divisor of 117 and 26?
13
Calculate the greatest common factor of 9 and 13041.
9
What is the greatest common factor of 10 and 11930?
10
What is the greatest common divisor of 68 and 374?
34
What is the greatest common divisor of 132 and 44?
44
Calculate the highest common divisor of 1255 and 3012.
251
What is the highest common divisor of 798 and 3648?
114
Calculate the highest common factor of 80 and 104.
8
What is the highest common factor of 48 and 24?
24
Calculate the highest common factor of 99 and 1419.
33
What is the greatest common divisor of 708 and 204?
12
Calculate the greatest common factor of 3256 and 444.
148
Calculate the greatest common divisor of 75 and 825.
75
What is the greatest common factor of 100 and 8975?
25
Calculate the highest common factor of 33 and 121.
11
What is the highest common divisor of 94 and 10058?
94
Calculate the highest common factor of 54 and 42.
6
Calculate the highest common divisor of 30 and 330.
30
Calculate the highest common divisor of 78 and 24063.
39
What is the greatest common factor of 135 and 513?
27
What is the highest common divisor of 420 and 476?
28
Calculate the highest common divisor of 957 and 7975.
319
What is the highest common factor of 430 and 130?
10
What is the greatest common divisor of 3 and 67?
1
What is the greatest common divisor of 568 and 4473?
71
Calculate the highest common divisor of 144 and 1251.
9
Calculate the highest common factor of 931 and 399.
133
What is the greatest common divisor of 36 and 1278?
18
Calculate the highest common factor of 133 and 1216.
19
What is the greatest common factor of 7 and 3?
1
Calculate the greatest common factor of 1380 and 161.
23
What is the greatest common factor of 42 and 183?
3
What is the highest common factor of 14370 and 210?
30
Calculate the greatest common factor of 25893 and 189.
189
What is the greatest common factor of 3258 and 54?
18
What is the greatest common divisor of 11248 and 152?
152
Calculate the highest common divisor of 10 and 21250.
10
What is the greatest common factor of 22 and 638?
22
Calculate the highest common divisor of 4141 and 41.
41
What is the highest common divisor of 285 and 10545?
285
Calculate the highest common factor of 16 and 176.
16
What is the highest common factor of 119 and 3213?
119
Calculate the highest common factor of 78 and 26.
26
What is the highest common factor of 108 and 57?
3
Calculate the greatest common divisor of 432 and 656.
16
What is the highest common factor of 1 and 13?
1
What is the highest common divisor of 533 and 82?
41
Calculate the highest common factor of 14 and 322.
14
What is the greatest common factor of 810 and 30?
30
What is the greatest common factor of 244 and 8?
4
Calculate the greatest common factor of 2086 and 56.
14
Calculate the highest common divisor of 2 and 58.
2
Calculate the greatest common divisor of 16 and 848.
16
What is the greatest common factor of 182 and 875?
7
Calculate the greatest common divisor of 48 and 276.
12
What is the highest common factor of 837 and 31?
31
What is the greatest common factor of 231 and 297?
33
What is the greatest common factor of 136 and 1530?
34
Calculate the highest common factor of 350 and 112.
14
What is the greatest common divisor of 1773 and 27?
9
Calculate the greatest common divisor of 20 and 2020.
20
Calculate the greatest common divisor of 23 and 54.
1
Calculate the highest common factor of 8 and 1568.
8
What is the greatest common factor of 1488 and 930?
186
What is the greatest common divisor of 16 and 592?
16
What is the greatest common divisor of 320 and 1080?
40
What is the highest common factor of 33240 and 10?
10
Calculate the highest common divisor of 25 and 925.
25
Calculate the highest common factor of 32 and 752.
16
Calculate the highest common factor of 100 and 340.
20
What is the greatest common factor of 1424 and 1958?
178
Calculate the greatest common divisor of 699 and 932.
233
Calculate the highest common divisor of 486 and 297.
27
Calculate the highest common factor of 220 and 23705.
55
Calculate the highest common divisor of 232 and 406.
58
Calculate the greatest common divisor of 35 and 280.
35
Calculate the highest common divisor of 1482 and 1254.
114
What is the greatest common factor of 135 and 6510?
15
What is the highest common divisor of 133 and 76?
19
Calculate the highest common divisor of 1919 and 1818.
101
What is the highest common factor of 162 and 3285?
9
What is the highest common factor of 116 and 406?
58
What is the highest common divisor of 429 and 99?
33
Calculate the greatest common factor of 52 and 442.
26
What is the highest common divisor of 246 and 1353?
123
Calculate the greatest common factor of 2981 and 2168.
271
What is the greatest common divisor of 161 and 6739?
23
Calculate the greatest common factor of 2388 and 66.
6
Calculate the highest common factor of 2020 and 20.
20
Calculate the highest common divisor of 4640 and 1440.
160
What is the greatest common factor of 784 and 320?
16
Calculate the greatest common divisor of 147 and 525.
21
Calculate the greatest common divisor of 16 and 20656.
16
What is the greatest common factor of 314 and 2?
2
Calculate the greatest common divisor of 65395 and 145.
145
What is the highest common factor of 77 and 14?
7
What is the highest common divisor of 4117 and 23?
23
What is the greatest common factor of 16 and 46?
2
What is the greatest common divisor of 1078 and 98?
98
Calculate the highest common factor of 6 and 96.
6
Calculate the highest common divisor of 812 and 28.
28
Calculate the highest common divisor of 50 and 10.
10
Calculate the highest common divisor of 15 and 10945.
5
What is the greatest common divisor of 1164 and 48?
12
What is the greatest common divisor of 2398 and 66?
22
What is the greatest common divisor of 1278 and 355?
71
Calculate the highest common divisor of 474 and 216.
6
What is the highest common divisor of 978 and 1304?
326
What is the greatest common divisor of 114 and 266?
38
Calculate the greatest common divisor of 867 and 102.
51
What is the greatest common divisor of 35 and 2149?
7
What is the greatest common divisor of 105 and 63?
21
Calculate the greatest common divisor of 22 and 35409.
11
Calculate the greatest common factor of 18 and 2.
2
Calculate the highest common divisor of 17155 and 235.
235
What is the greatest common divisor of 49 and 672?
7
Calculate the greatest common factor of 741 and 57.
57
Calculate the greatest common divisor of 224 and 1148.
28
Calculate the highest common divisor of 143 and 66.
11
What is the greatest common factor of 9 and 1614?
3
Calculate the highest common divisor of 32 and 2272.
32
What is the greatest common divisor of 400 and 1040?
80
Calculate the greatest common factor of 9850 and 400.
50
What is the greatest common divisor of 4 and 92?
4
Calculate the highest common factor of 1170 and 10.
10
Calculate the greatest common factor of 3478 and 444.
74
What is the greatest common factor of 9 and 156?
3
Calculate the greatest common divisor of 57 and 39.
3
What is the greatest common factor of 23 and 943?
23
Calculate the greatest common factor of 45 and 315.
45
Calculate the highest common divisor of 1190 and 17.
17
What is the greatest common factor of 65 and 715?
65
Calculate the highest common factor of 715 and 4004.
143
What is the highest common divisor of 216 and 918?
54
What is the greatest common factor of 294 and 539?
49
Calculate the greatest common factor of 234 and 6162.
78
What is the highest common factor of 3220 and 210?
70
Calculate the highest common factor of 161 and 7.
7
Calculate the highest common factor of 126 and 216.
18
Calculate the greatest common divisor of 40158 and 23.
23
Calculate the highest common divisor of 2354 and 2782.
214
Calculate the greatest common factor of 12 and 246.
6
Calculate the greatest common divisor of 1518 and 23.
23
Calculate the greatest common factor of 240 and 7380.
60
Calculate the highest common divisor of 28 and 40.
4
What is the greatest common